0 - -2. Calculate the highest common divisor of b and x.
14
Suppose 3*x - b - 53 = 0, 2*b - 17 = -5*x + 64. Calculate the greatest common divisor of 68 and x.
17
Let t(z) = -z**3 + 7*z**2 - 5*z + 2. Let j be t(4). Let y(g) = 15*g. Let v be y(3). Calculate the highest common divisor of v and j.
15
Suppose -3*f = -39 - 27. Let j = f + 6. What is the highest common factor of j and 56?
28
Suppose l = 2*l - 2, -5*d + 283 = 4*l. What is the highest common factor of 5 and d?
5
Let l = 5 - 2. Suppose o = 3*o + p - 20, 0 = l*o - 4*p - 8. Suppose 2*q - 3*f - 129 = 6, 0 = q - 2*f - 66. What is the greatest common factor of q and o?
8
Let z = 40 - 34. Calculate the greatest common factor of 8 and z.
2
Let v(i) = 49*i + 4. Let c be v(3). Let t be -6*1/(-2) + c. Calculate the greatest common factor of 22 and t.
22
Let k(m) = -m - 20. Let r be k(0). Let s be (-394)/(-10) - 12/r. Let y = 15 - 5. Calculate the greatest common factor of s and y.
10
Suppose 0 = 3*v - 4*v - 2*m + 12, 10 = -2*m. Let n be -3 - ((-41)/3 + 7/(-21)). What is the highest common divisor of n and v?
11
Let k be 1701/49 - (-4)/14. Let a be (-122)/(-7) - (-20)/k. What is the highest common factor of 2 and a?
2
Let c(a) = a**2 + a + 16. Let b = -1 - -1. Let h be c(b). Suppose -o = -2*k + 4, 2*o = -0*o + k + 1. What is the greatest common divisor of o and h?
2
Suppose -3*u + l + 385 = 2*u, -u + 77 = -2*l. What is the greatest common factor of 11 and u?
11
Let q be (0 - -2)/(4 + -2). What is the highest common divisor of 9 and q?
1
Let p(m) = -m**3 + 5*m**2 - m + 2. Let j be p(5). Let u be j - -13*(2 - -1). Calculate the greatest common factor of 6 and u.
6
Let g(f) = -f**2 - f + 12. Let i be g(0). Let y be i*((-2)/2)/(-1). Let q = 109 + -49. What is the highest common divisor of y and q?
12
Suppose 14*s - 15*s = -16. Let h = -189 + 365. What is the greatest common divisor of h and s?
16
Let d(j) = 15*j - 1. Let r be d(7). Calculate the greatest common factor of 13 and r.
13
Let d = -1 - -37. Let v = 3 - 5. Let m = v - -6. What is the highest common divisor of m and d?
4
Let d(t) = 3*t + 22. Let l be d(-6). What is the greatest common divisor of 68 and l?
4
Let h(a) = a + 5. Let y be h(-4). Let i(u) = -u**3. Let w be i(-2). Suppose 0*p - w = -p. Calculate the highest common divisor of p and y.
1
Let i = 8 + -5. Suppose -i*y - 2 = -20. Calculate the highest common divisor of 6 and y.
6
Let a be 80/(-6)*(-12)/10. Suppose 0*v - a = -4*v. Suppose -x - 114 = -6*x - 3*z, 3*z = v*x - 102. Calculate the highest common divisor of x and 60.
12
Let g be ((-3)/2)/((-9)/192). Let q = g + 243. Let a = q - 179. What is the highest common divisor of 12 and a?
12
Let g be (-195)/(-20)*(18 - (-6)/3). Calculate the greatest common divisor of g and 15.
15
Let a = -91 - -243. Suppose 4*i + a = 680. Let w(m) = m**3 + 6*m**2 + 2*m - 3. Let x be w(-5). What is the highest common divisor of i and x?
12
Let c(d) = 23*d**2 + d + 2. Let o be c(-1). Calculate the highest common factor of o and 264.
24
Let n be (35/(-10) - -1)/((-1)/24). Let l = -1 + 16. What is the greatest common divisor of n and l?
15
Let y be (4/1)/((-2)/(-8)). Calculate the greatest common factor of y and 144.
16
Suppose -5*f + 2*s + 36 + 51 = 0, -18 = -f + s. What is the greatest common divisor of 153 and f?
17
Let c be (1 - 14)*-1 + (-2 - -3). Calculate the highest common factor of c and 84.
14
Let f = 3 - -15. What is the highest common factor of f and 90?
18
Suppose -6*b = -0*b - 1452. Calculate the highest common divisor of 22 and b.
22
Suppose -4 = 4*v - 3*t, 5*v + 4*t - 19 = 7. Suppose 8 = 2*r, 5*o - o + v*r = 88. Suppose 0 = 8*u - 9*u + 60. What is the highest common factor of u and o?
20
Let w = -28 + 14. Let c be (-3)/((-3)/w*-2). Calculate the highest common divisor of c and 56.
7
Let u(j) = j**3 - 6*j**2 + 5*j + 7. Let w be u(5). Calculate the greatest common divisor of 7 and w.
7
Suppose -l + 2*t - 16 = -5*l, 0 = -5*t. Suppose l*j = -9 + 273. Suppose -j + 2 = -n. Calculate the highest common factor of 8 and n.
8
Let s(j) = 5*j + 31. Let p be s(-3). What is the greatest common factor of 176 and p?
16
Let c(j) = 6*j**2 - 1. Let l be c(-1). Suppose -l*g - 29 = -589. Calculate the highest common factor of 28 and g.
28
Let o(k) = 0 - 2 + k + 2 - 5. Let g be o(9). What is the highest common divisor of 16 and g?
4
Let n(t) = -t**3 + 9*t**2 + 10*t + 12. Let q = 1 - -9. Let c be n(q). What is the highest common divisor of c and 48?
12
Suppose n - 27 = -3*t - 0*n, -t + 9 = -3*n. What is the greatest common divisor of t and 45?
9
Let g be ((-60)/9 - -4*1)*-3. What is the greatest common factor of g and 40?
8
Let z = 81 + -54. What is the highest common factor of z and 27?
27
Let y be (-1 + 3/2)*2. Let q be -1*2 + y - -5. Let z = 19 + -3. Calculate the highest common divisor of q and z.
4
Let y be (10/(-8))/(3/12). Let w = 7 - y. Suppose z = -z + 6. What is the greatest common factor of w and z?
3
Let u = -81 - -131. Calculate the highest common divisor of 250 and u.
50
Let p be (-6)/4 + (-189)/(-6). What is the highest common factor of 75 and p?
15
Let o(p) = 2*p**3 - 2*p**2 + 2. Let v be o(3). Calculate the greatest common factor of 57 and v.
19
Suppose 0 = 20*f - 21*f + 1. Let s = -33 - -20. Let x = 18 + s. What is the greatest common divisor of x and f?
1
Let n(z) = -z**3 - 7*z**2 + z - 8. Let r be n(-7). Let l be (-3)/r + (-148)/(-10). Let v = -163 + 283. What is the highest common divisor of l and v?
15
Let w = 10 - 7. Suppose 4*t = -0*t - a + 5, -w*t + 8 = 5*a. Calculate the highest common factor of 11 and t.
1
Let z = 96 + -72. Calculate the highest common divisor of 84 and z.
12
Let x be (-4)/(-6) + 76/12. Let b = x - 7. Suppose 0 = -b*v - 3*v + 48. Calculate the highest common factor of v and 24.
8
Let c(w) = 5*w**2 - 12*w + 12. Let h be c(5). What is the highest common divisor of h and 11?
11
Let y(l) = 2*l + 3. Let v(j) = -3*j - 5. Let p(g) = -6*v(g) - 10*y(g). Let s be p(1). Let i be s/(-3) + 140/6. Calculate the highest common divisor of 3 and i.
3
Suppose 0 = -5*i + 4*i + 16. What is the greatest common divisor of i and 32?
16
Suppose y = -y + 14. Let o(v) = v - 1. Let t be o(y). Calculate the greatest common factor of t and 66.
6
Let p = 169 + -146. What is the highest common factor of 92 and p?
23
Let t be 22 + 0/(-3) + 2. Calculate the greatest common factor of t and 168.
24
Let i be ((-2)/(-4))/(-1)*-30. Let n be (-294)/(-15) + 6/i. What is the highest common factor of n and 40?
20
Suppose 0 = 2*c - 135 - 283. Suppose 2*b - 673 = -c. What is the highest common divisor of b and 29?
29
Suppose -3*m = 2*m - 190. Suppose -4*i - m = -4*b - 2*i, -b + 8 = i. Suppose -4*q + b*q = 30. Calculate the highest common factor of 3 and q.
3
Suppose -2 = 2*o, 5*g - o - 3*o - 19 = 0. Suppose g = 2*p - 13. Calculate the highest common divisor of p and 40.
8
Let o(j) = j**2 - 5*j - 18. Let v be o(-5). Calculate the highest common divisor of 8 and v.
8
Let y be (-118)/(-3) - (-4)/6. Let s(u) = u**2 + 1. Let r be s(2). Calculate the greatest common divisor of r and y.
5
Let i = 72 + -60. Suppose -4*z + 154 = 34. Calculate the highest common factor of i and z.
6
Suppose 2*l + 3*y - 123 = 67, 484 = 5*l + 3*y. Suppose -2*s + l = -52. What is the highest common divisor of s and 30?
15
Let w = -7 + 14. Calculate the highest common factor of w and 28.
7
Let s(n) = 10*n - 10. Let t be s(4). What is the greatest common factor of 75 and t?
15
Suppose 3*i + p = 7, -5*i + 2*p = -0*p + 3. Let n be 10 + (1 - i/(-1)). Let z be (0 + 12)/(-4 - -5). Calculate the highest common divisor of z and n.
12
Suppose -2*x - 493 = -3*p - 4*x, 498 = 3*p + 3*x. Calculate the greatest common factor of 23 and p.
23
Suppose 0*o = -4*o - 108. Let p = 22 - 39. Let k = p - o. Calculate the highest common factor of k and 90.
10
Suppose -22 = 14*b - 15*b. What is the highest common factor of 22 and b?
22
Suppose 27 = -2*u + 111. Suppose -s + 5*s + 3*n - 36 = 0, 4 = n. What is the greatest common divisor of s and u?
6
Suppose -5*r = 10, -2*s - 3*r - r + 16 = 0. Let i = s + 18. Let u = 3 - -9. Calculate the greatest common divisor of u and i.
6
Suppose 27 = 4*t - 33. Calculate the greatest common factor of t and 3.
3
Let g be 25*1 - (2 + 0). Suppose l - g = 4*h, -5*h - 32 = 2*l - 0*l. 